me number?
True
Is 11880936757 composite?
False
Is 6441337031 a composite number?
False
Is 3933464111 a composite number?
False
Is 35059950109 composite?
True
Is 69468168401 a composite number?
False
Is 40436860711 prime?
False
Is 8703139909 a prime number?
True
Is 27557235155 a prime number?
False
Is 273211483 a composite number?
False
Is 123492091 a prime number?
True
Is 11820951509 a composite number?
False
Is 3389534023 prime?
False
Is 25929073211 a composite number?
True
Is 5586913127 a composite number?
True
Is 60267641935 composite?
True
Is 209920890929 prime?
False
Is 2380466917 prime?
False
Is 12007778281 prime?
False
Is 4402458309 a composite number?
True
Is 501906415 prime?
False
Is 28697135321 composite?
True
Is 17297614045 a composite number?
True
Is 2955147133 a composite number?
False
Is 1952011483 a composite number?
True
Is 257789243 a composite number?
False
Is 11573578859 a composite number?
False
Is 2631449 a composite number?
False
Is 519160609 a prime number?
False
Is 2315956343 a composite number?
False
Is 2380744699 a prime number?
False
Is 2403159043 composite?
True
Is 55890857299 prime?
True
Is 891714437 composite?
False
Is 4681750529 a prime number?
False
Is 4171259039 prime?
False
Is 117121159747 composite?
True
Is 10411330147 composite?
True
Is 104912761 a composite number?
False
Is 40549830401 a composite number?
True
Is 6992566879 composite?
False
Is 1775355899 a prime number?
False
Is 931917341 prime?
True
Is 92211334571 a composite number?
False
Is 4432616729 composite?
True
Is 54966396099 prime?
False
Is 647172403 a composite number?
True
Is 1669619209 composite?
False
Is 637199179 a prime number?
True
Is 4340284777 prime?
True
Is 202575887 a composite number?
True
Is 4505867077 a composite number?
True
Is 4414869803 a composite number?
True
Is 2789072471 a composite number?
False
Is 530596441 prime?
False
Is 496445831 a prime number?
False
Is 4645441337 composite?
True
Is 660343351 composite?
True
Is 2732568187 a prime number?
False
Is 70086392323 a prime number?
False
Is 9293487451 a prime number?
False
Is 1696690591 a composite number?
False
Is 14486745461 a composite number?
False
Is 3535018517 composite?
True
Is 24534900107 a composite number?
False
Is 4509951689 a prime number?
True
Is 10548787169 a prime number?
True
Is 6774444437 prime?
False
Is 7634019409 composite?
True
Is 6963305849 a prime number?
True
Is 27978619 composite?
False
Is 1732959253 composite?
False
Is 1296017369 a composite number?
False
Is 6038890733 composite?
False
Is 18726796849 prime?
False
Is 3521905711 a composite number?
False
Is 415315497 a prime number?
False
Is 2256799333 a prime number?
False
Is 39715255373 a prime number?
False
Is 1432209049 composite?
True
Is 2790855021 a prime number?
False
Is 2903256406 composite?
True
Is 20243685235 prime?
False
Is 578586553 composite?
False
Is 7844616643 a composite number?
True
Is 832426747 a composite number?
False
Is 1145946253 composite?
False
Is 1375363799 a composite number?
True
Is 926176205 a composite number?
True
Is 2924419391 a composite number?
False
Is 7792237517 a prime number?
True
Is 1378226107 composite?
False
Is 2089561549 a prime number?
False
Is 436905341 a prime number?
False
Is 230000301467 composite?
False
Is 29719845473 a prime number?
True
Is 191159029 a prime number?
False
Is 510055081 a composite number?
False
Is 9704667743 composite?
True
Is 371548471 a composite number?
True
Is 47952784843 prime?
True
Is 6762904081 prime?
False
Is 1657009283 a composite number?
False
Is 52364311 composite?
False
Is 5699975494 a composite number?
True
Is 333520339 a prime number?
True
Is 1573437433 prime?
True
Is 3791631559 a composite number?
True
Is 74092633811 a prime number?
False
Is 6603956591 a composite number?
False
Is 81396711257 a composite number?
False
Is 28419541127 prime?
True
Is 6902430427 prime?
True
Is 554833963 prime?
True
Is 4178552603 prime?
False
Is 5898615763 a prime number?
False
Is 301422341 composite?
True
Is 119061451805 a prime number?
False
Is 523352831 a composite number?
False
Is 29312242807 prime?
False
Is 17671214849 composite?
True
Is 20258380291 prime?
False
Is 2383576183 prime?
True
Is 9047089967 composite?
True
Is 72955699477 composite?
True
Is 11296190333 composite?
False
Is 28982334039 composite?
True
Is 1367598209 prime?
True
Is 68387281 a prime number?
True
Is 3440391455 prime?
False
Is 3953937851 prime?
True
Is 4423391269 a prime number?
False
Is 201605383 prime?
False
Is 10090248613 a composite number?
False
Is 181949927 composite?
False
Is 1214140069 a composite number?
True
Is 809605373 a composite number?
False
Is 27593778909 a prime number?
False
Is 37781530487 composite?
True
Is 15845218219 a prime number?
True
Is 434017957 a prime number?
False
Is 1053823531 prime?
False
Is 557562589 a composite number?
True
Is 24542179 composite?
False
Is 30661898327 prime?
True
Is 62258902 composite?
True
Is 328988681 composite?
True
Is 24567795419 prime?
True
Is 203184361 prime?
False
Is 1279241027 prime?
False
Is 1081024933 prime?
True
Is 2711540857 prime?
True
Is 285041681 a prime number?
True
Is 684647906 a prime number?
False
Is 310509278455 a composite number?
True
Is 1540950469 composite?
True
Is 16735807019 composite?
False
Is 321954821 a composite number?
True
Is 11274614569 a prime number?
False
Is 33466486117 prime?
True
Is 851197601 composite?
True
Is 4973707811 a prime number?
False
Is 12886737731 prime?
False
Is 1078776949 composite?
False
Is 35163447727 a composite number?
False
Is 633100987 prime?
True
Is 2881100137 a prime number?
False
Is 766831243 composite?
True
Is 755022131 a prime number?
False
Is 2891448991 composite?
True
Is 42781757351 prime?
True
Is 700131329 composite?
False
Is 1077341521 a composite number?
False
Is 128623761785 prime?
False
Is 1280124719 prime?
True
Is 509548957 a composite number?
True
Is 493351063 a composite number?
False
Is 10683455105 prime?
False
Is 743453677 a composite number?
True
Is 65249377 composite?
False
Is 221850091 a prime number?
False
Is 1731068761 a composite number?
False
Is 10216444871 prime?
True
Is 616013677 prime?
True
Is 221159428381 composite?
False
Is 9882060053 a composite number?
True
Is 32648401 a prime number?
True
Is 202546022299 a prime number?
False
Is 1653550387 prime?
False
Is 3140527907 composite?
True
Is 1614273637 a prime number?
False
Is 149157823 a composite number?
False
Is 1700115959 composite?
True
Is 81240704377 prime?
False
Is 2696841949 a prime number?
True
Is 145440107 composite?
False
Is 89428121449 prime?
True
Is 1205582713 a prime number?
True
Is 2336535949 a composite number?
True
Is 12314188069 a prime number?
True
Is 196118428939 composite?
False
Is 272339989 a composite number?
False
Is 2702143883 composite?
False
Is 8296709779 prime?
False
Is 5215960811 a composite number?
False
Is 32828581661 prime?
True
Is 24850357657 composite?
True
Is 354325307 prime?
False
Is 144975697 a prime number?
True
Is 212797147 a composite number?
False
Is 195401192201 composite?
False
Is 8578397027 composite?
True
Is 2155216981 prime?
True
Is 24754488163 a prime number?
False
Is 38440618369 prime?
True
Is 5409748123 composite?
True
Is 2325554453 a composite number?
False
Is 79792057661 a composite number?
False
Is 453267679 prime?
True
Is 3700832237 a composite number?
True
Is 373196731 prime?
True
Is 3796055842 prime?
False
Is 21626051177 composite?
True
Is 60683112547 a prime number?
False
Is 785550907 composite?
False
Is 4074279863 a prime number?
False
Is 8041816501 a prime number?
True
Is 383130673 composite?
True
Is 54553414334 a composite number?
True
Is 122735159 a prime number?
True
Is 55883179871 a prime number?
False
Is 51151728943 composite?
True
Is 603133705 prime?
False
Is 26671024663 composite?
True
Is 3648928301 composite?
False
Is 944425217 a composite number?
False
Is 7634032957 composite?
False
Is 71677429679 a composite number?
True
Is 24410801229 a prime number?
False
Is 12992624045 a prime number?
False
Is 4505433991 a composite number?
False
Is 19485863031 a prime number?
False
Is 56662241233 a composite number?
True
Is 139124320187 prime?
True
Is 7252379963 prime?
True
Is 2909472413 a composite number?
True
Is 8819044027 composite?
